{"id":47,"date":"2017-12-07T20:00:47","date_gmt":"2017-12-07T19:00:47","guid":{"rendered":"http:\/\/monvel.fr\/la.kaverne.du.koun\/?page_id=47"},"modified":"2018-02-06T18:54:03","modified_gmt":"2018-02-06T17:54:03","slug":"cest-quoi-donc-la-kaverne-du-koun","status":"publish","type":"page","link":"https:\/\/monvel.fr\/la.kaverne.du.koun\/cest-quoi-donc-la-kaverne-du-koun\/","title":{"rendered":"C&rsquo;est quoi donc, la kaverne du koun ?"},"content":{"rendered":"<p>Bonne question, dit donc !<\/p>\n<p>\u00c7a faisait un moment, que je voulais me remettre a l\u2019\u00e9criture de post de blog.<\/p>\n<p>Ceux qui connaissent <a href=\"http:\/\/autoconstruction-ecologique.fr\/\">mon pr\u00e9c\u00e9dent blog<\/a> savent d\u2019exp\u00e9rience que je m\u2019\u00e9tais sp\u00e9cialis\u00e9 dans l\u2019\u00e9criture des plus interminables post possible et ce, sur le th\u00e8me obscur de l&rsquo;autoconstruction. Seul les plus vaillant ont eu le courage de tout lire et poss\u00e8dent un place particuli\u00e8re dans mon petit c\u0153ur.<\/p>\n<p>N&rsquo;ayant plus grand chose a raconter sur la maison, a part vanter les qualit\u00e9s de mon canap\u00e9, j&rsquo;avais mis en pause le blog.<\/p>\n<p>un autre blog sur la lutherie me permet de raconter comment je fabrique le peu d&rsquo;instrument que mon emploi du temps de ministre me permet. mais c&rsquo;est encore un sujet obscur. ( mais qu&rsquo;il est bien, va jeter un coup d\u2019\u0153il, <a href=\"http:\/\/www.monvel.fr\/blog\/\">c&rsquo;est ici<\/a> ! )<\/p>\n<p>donc, voila, a quoi va servir ce blog. v\u00e9rifier si vous \u00eates des lecteurs valeureux, champion de l&rsquo;endurance et renouer avec le plaisir d\u2019\u00e9crire des anneries qui ont g\u00e9n\u00e9ralement le m\u00e9rite de me faire marrer. ( je suis mon meilleur public \ud83d\ude42 )<\/p>\n<p>en premier lieu, il va servir a h\u00e9berger les livres audio que j&rsquo;enregistre. je parlerais aussi de podcast que j\u2019\u00e9coute puis peut \u00eatre aussi de jeux de r\u00f4le, jeux de soci\u00e9t\u00e9, de livre, film, s\u00e9rie etc&#8230;<\/p>\n<p>je vais essayer de remplir cette kaverne de plein de chose int\u00e9ressante et si c&rsquo;est pas le cas, tans pis, c&rsquo;est ma kaverne ! non mais !<\/p>\n<p>&nbsp;<\/p>\n<p><strong>PS: Rendons a c\u00e9sar ce qui appartient a c\u00e9sar :<\/strong><\/p>\n<p><strong> les photos utilis\u00e9es pour le th\u00e8me perso en background sont libre de droit et consultable ici : <\/strong><\/p>\n<p><strong>https:\/\/www.pexels.com\/photo\/low-light-photo-of-opened-book-159872\/<\/strong><\/p>\n<p><strong>https:\/\/www.pexels.com\/photo\/black-recordering-microphone-55800\/<\/strong><\/p>\n<p><strong>https:\/\/www.pexels.com\/photo\/grey-condencer-microphone-164933\/<\/strong><\/p>\n<p><strong>un grand merci pour leur travail et surtout leur partage en licence libre !<\/strong><\/p>\n<p>&nbsp;<\/p>\n","protected":false},"excerpt":{"rendered":"<p>Bonne question, dit donc ! \u00c7a faisait un moment, que je voulais me remettre a l\u2019\u00e9criture de post de blog. Ceux qui connaissent mon pr\u00e9c\u00e9dent blog savent d\u2019exp\u00e9rience que je m\u2019\u00e9tais sp\u00e9cialis\u00e9 dans l\u2019\u00e9criture des plus interminables post possible et &hellip; <a href=\"https:\/\/monvel.fr\/la.kaverne.du.koun\/cest-quoi-donc-la-kaverne-du-koun\/\">Continuer la lecture <span class=\"meta-nav\">&rarr;<\/span><\/a><\/p>\n","protected":false},"author":1,"featured_media":0,"parent":0,"menu_order":0,"comment_status":"closed","ping_status":"closed","template":"","meta":{"footnotes":""},"aioseo_notices":[],"_links":{"self":[{"href":"https:\/\/monvel.fr\/la.kaverne.du.koun\/wp-json\/wp\/v2\/pages\/47"}],"collection":[{"href":"https:\/\/monvel.fr\/la.kaverne.du.koun\/wp-json\/wp\/v2\/pages"}],"about":[{"href":"https:\/\/monvel.fr\/la.kaverne.du.koun\/wp-json\/wp\/v2\/types\/page"}],"author":[{"embeddable":true,"href":"https:\/\/monvel.fr\/la.kaverne.du.koun\/wp-json\/wp\/v2\/users\/1"}],"replies":[{"embeddable":true,"href":"https:\/\/monvel.fr\/la.kaverne.du.koun\/wp-json\/wp\/v2\/comments?post=47"}],"version-history":[{"count":3,"href":"https:\/\/monvel.fr\/la.kaverne.du.koun\/wp-json\/wp\/v2\/pages\/47\/revisions"}],"predecessor-version":[{"id":162,"href":"https:\/\/monvel.fr\/la.kaverne.du.koun\/wp-json\/wp\/v2\/pages\/47\/revisions\/162"}],"wp:attachment":[{"href":"https:\/\/monvel.fr\/la.kaverne.du.koun\/wp-json\/wp\/v2\/media?parent=47"}],"curies":[{"name":"wp","href":"https:\/\/api.w.org\/{rel}","templated":true}]}}