{"id":117,"date":"2018-01-28T11:57:32","date_gmt":"2018-01-28T10:57:32","guid":{"rendered":"http:\/\/monvel.fr\/la.kaverne.du.koun\/?page_id=117"},"modified":"2018-01-28T11:58:36","modified_gmt":"2018-01-28T10:58:36","slug":"mes-autres-sites","status":"publish","type":"page","link":"https:\/\/monvel.fr\/la.kaverne.du.koun\/mes-autres-sites\/","title":{"rendered":"Mes autres sites&#8230;"},"content":{"rendered":"<p><strong><br \/>\nAutoconstruction \u00e9cologique d\u2019une maison en paille<\/strong><\/p>\n<p>Le r\u00e9cit du r\u00e9sultat, d\u2019une id\u00e9e pour le moins saugrenue: et si on construisait notre maison, dit donc ?<\/p>\n<p>8 ans de notre vie, ma douce et moi, narr\u00e9 de fa\u00e7on excessive sur certain post a rallonge mais qui j\u2019esp\u00e8re ne sont pas trop casse pieds a lire.<\/p>\n<p>si vous avez du temps devant vous, c\u2019est par ici que \u00e7a se passe : <a href=\"http:\/\/autoconstruction-ecologique.fr\/\">http:\/\/autoconstruction-ecologique.fr\/<\/a><\/p>\n<p>&nbsp;<\/p>\n<header class=\"entry-header\">\n<h1 class=\"entry-title\">Et si je fabriquais mes instruments ?<\/h1>\n<\/header>\n<div class=\"entry-content\">\n<p>Un blog ou je poste les photos des instruments que je fabrique quand j\u2019ai un peu de temps ( c\u2019est dire si la production est au taquet\u2026 ).<\/p>\n<p>\u00c7a se passe ici : <a href=\"http:\/\/www.monvel.fr\/blog\/\">http:\/\/www.monvel.fr\/blog\/<\/a><\/p>\n<\/div>\n","protected":false},"excerpt":{"rendered":"<p>Autoconstruction \u00e9cologique d\u2019une maison en paille Le r\u00e9cit du r\u00e9sultat, d\u2019une id\u00e9e pour le moins saugrenue: et si on construisait notre maison, dit donc ? 8 ans de notre vie, ma douce et moi, narr\u00e9 de fa\u00e7on excessive sur certain &hellip; <a href=\"https:\/\/monvel.fr\/la.kaverne.du.koun\/mes-autres-sites\/\">Continuer la lecture <span class=\"meta-nav\">&rarr;<\/span><\/a><\/p>\n","protected":false},"author":1,"featured_media":0,"parent":0,"menu_order":0,"comment_status":"closed","ping_status":"closed","template":"","meta":{"footnotes":""},"aioseo_notices":[],"_links":{"self":[{"href":"https:\/\/monvel.fr\/la.kaverne.du.koun\/wp-json\/wp\/v2\/pages\/117"}],"collection":[{"href":"https:\/\/monvel.fr\/la.kaverne.du.koun\/wp-json\/wp\/v2\/pages"}],"about":[{"href":"https:\/\/monvel.fr\/la.kaverne.du.koun\/wp-json\/wp\/v2\/types\/page"}],"author":[{"embeddable":true,"href":"https:\/\/monvel.fr\/la.kaverne.du.koun\/wp-json\/wp\/v2\/users\/1"}],"replies":[{"embeddable":true,"href":"https:\/\/monvel.fr\/la.kaverne.du.koun\/wp-json\/wp\/v2\/comments?post=117"}],"version-history":[{"count":1,"href":"https:\/\/monvel.fr\/la.kaverne.du.koun\/wp-json\/wp\/v2\/pages\/117\/revisions"}],"predecessor-version":[{"id":118,"href":"https:\/\/monvel.fr\/la.kaverne.du.koun\/wp-json\/wp\/v2\/pages\/117\/revisions\/118"}],"wp:attachment":[{"href":"https:\/\/monvel.fr\/la.kaverne.du.koun\/wp-json\/wp\/v2\/media?parent=117"}],"curies":[{"name":"wp","href":"https:\/\/api.w.org\/{rel}","templated":true}]}}